b?
-37b
In base 4, what is -303102 - -2?
-303100
In base 9, what is 54 + 6?
61
In base 12, what is -37 - -7?
-30
In base 8, what is 0 + -3465?
-3465
In base 11, what is 66 + 110?
176
In base 15, what is 2 - -6d?
70
In base 16, what is b + d?
18
In base 3, what is -11 - -100011?
100000
In base 8, what is 1472 + -13?
1457
In base 13, what is 121 - 4?
11a
In base 3, what is 10 + 20120210?
20120220
In base 8, what is 3655 - -3?
3660
In base 8, what is -1 - -25?
24
In base 2, what is 0 - -1011011?
1011011
In base 15, what is c4 + -5?
be
In base 7, what is -24 + 3131?
3104
In base 13, what is -54 - -66?
12
In base 2, what is 1011011 - -1100010?
10111101
In base 12, what is 26 - -37?
61
In base 6, what is 3103 - 4?
3055
In base 8, what is -44 - 0?
-44
In base 2, what is -11 - 1011?
-1110
In base 10, what is -1 + -10?
-11
In base 9, what is 1 + 104?
105
In base 12, what is 2 + 7?
9
In base 12, what is 5 - -643?
648
In base 11, what is 9 + -17?
-9
In base 4, what is 123 - 11131?
-11002
In base 7, what is 23 - -14?
40
In base 8, what is 5 + 452?
457
In base 5, what is -11 + 2103?
2042
In base 4, what is 1130 + 222?
2012
In base 14, what is -3 + -43?
-46
In base 14, what is -1 + 66?
65
In base 15, what is 2c1 + 14?
2d5
In base 2, what is -1000 + -110100?
-111100
In base 8, what is 665 - 6?
657
In base 13, what is 0 - -38?
38
In base 7, what is -11230 + -6?
-11236
In base 8, what is -5 + 5?
0
In base 5, what is 320 + 3?
323
In base 5, what is -21103 - 3?
-21111
In base 2, what is 1111 + 110010000?
110011111
In base 14, what is 2a5 + -5?
2a0
In base 7, what is -1 + -1063?
-1064
In base 7, what is -3 + 1323?
1320
In base 14, what is 926 + -4?
922
In base 15, what is -32d + -e?
-33c
In base 11, what is -14 - -207?
1a3
In base 8, what is -35 - -4?
-31
In base 6, what is 110 + -4?
102
In base 4, what is -20 + -133?
-213
In base 3, what is -1 - -1021?
1020
In base 13, what is 10 + -1a?
-a
In base 10, what is -5 + 1905?
1900
In base 8, what is -32 - -14?
-16
In base 9, what is 41 + -405?
-354
In base 9, what is -105 + 21?
-74
In base 12, what is b - 941?
-932
In base 3, what is 1212 - 10110?
-1121
In base 7, what is 44 + 11?
55
In base 4, what is 12000 + 11?
12011
In base 6, what is -4204 - 5?
-4213
In base 12, what is -3589 + -2?
-358b
In base 5, what is -23142 - -1?
-23141
In base 10, what is 3 + 123?
126
In base 10, what is 2 + 38?
40
In base 14, what is -5 - -4a3?
49c
In base 4, what is 10 + -10320?
-10310
In base 4, what is -231 - 101?
-332
In base 15, what is 251 + -4?
24c
In base 13, what is 6 - 3669?
-3663
In base 10, what is -1043 + -2?
-1045
In base 2, what is 0 + -10011?
-10011
In base 15, what is 47 - -3?
4a
In base 9, what is -1 - 754?
-755
In base 7, what is -23 + -12?
-35
In base 11, what is -47 + -175?
-211
In base 12, what is -70 - 8?
-78
In base 14, what is -68a - 7?
-693
In base 4, what is -100 + 212?
112
In base 4, what is 10 + -112?
-102
In base 9, what is 31 - -4?
35
In base 5, what is -21 - -22?
1
In base 15, what is -1417 - -3?
-1414
In base 4, what is 100 + 0?
100
In base 15, what is 2 - 18d?
-18b
In base 13, what is -130 - -8c?
-71
In base 11, what is 173 - -7?
17a
In base 9, what is 8 - 63?
-54
In base 5, what is 2 + -1312?
-1310
In base 6, what is -3 + -24?
-31
In base 9, what is -1 + -50?
-51
In base 6, what is 10411 + -3?
10404
In base 11, what is 17 - -7?
23
In base 16, what is cc + 5?
d1
In base 14, what is -72 + -1?
-73
In base 15, what is 5 - -13?
18
In base 8, what is -3 + -15?
-20
In base 9, what is -2883 - 7?
-3001
In base 5, what is 1042 - 3?
1034
In base 10, what is 8 + 21?
29
In base 2, what is 10100100011 - -1000?
10100101011
In base 13, what is c + c8?
107
In base 8, what is -4 + -3?
-7
In base 2, what is -110111101 - 0?
-110111101
In base 5, what is 3143 - 2?
3141
In base 16, what is 1c + -14?
8
In base 6, what is -2240 + -5?
-2245
In base 3, what is -21 - 220210?
-221001
In base 7, what is 425 - 12?
413
In base 16, what is -15 - 6?
-1b
In base 16, what is 1 - 5d?
-5c
In base 3, what is 2 + 2112?
2121
In base 15, what is -11 + 264?
253
In base 7, what is -12 + 1?
-11
In base 7, what is 4 - 43?
-36
In base 6, what is 2032 - -5?
2041
In base 11, what is 1 + 89?
8a
In base 13, what is 6 + -14?
-b
In base 14, what is 1 - 18?
-17
In base 14, what is -2965 - -2?
-2963
In base 12, what is 1 - -6?
7
In base 10, what is -1830 - 1?
-1831
In base 16, what is 4 - -18?
1c
In base 7, what is -632 - -4?
-625
In base 4, what is -211332 - -10?
-211322
In base 7, what is 154 - -14?
201
In base 14, what is -5 - -282?
27b
In base 6, what is -10 + -3023?
-3033
In base 15, what is 1 + a7?
a8
In base 10, what is 24856 + -4?
24852
In base 9, what is -11 - 66?
-77
In base 3, what is -1 + 2102?
2101
In base 8, what is -3 + 174?
171
In base 10, what is -60 - 5?
-65
In base 6, what is -2 - -1233?
1231
In base 14, what is 78 - -1?
79
In base 15, what is -3 - 30?
-33
In base 4, what is 2 - 20313?
-20311
In base 8, what is 247 + 74?
343
In base 11, what is 1 + -5?
-4
In base 11, what is 115 - -1?
116
In base 15, what is -19 - -78?
5e
In base 14, what is -1c + -18?
-36
In base 8, what is -46146 - 2?
-46150
In base 12, what is 311 + -6?
307
In base 5, what is 213 + 10?
223
In base 7, what is -254 - -2?
-252
In base 7, what is -3 - 5?
-11
In base 15, what is 1329 - 0?
1329
In base 11, what is 5 - 273?
-269
In base 8, what is 4 + 5637?
5643
In base 3, what is 10 + 1210000?
1210010
In base 5, what is 0 - -1444?
1444
In base 4, what is -11 - -13102?
13031
In base 9, what is 4 - 5523?
-5518
In base 3, what is 120 - 21?
22
In base 7, what is 2 - -31?
33
In base 15, what is -140 - e?
-14e
In base 5, what is 3 - 303?
-300
In base 14, what is -607 + 9?
-5dc
In base 5, what is 10 - -420?
430
In base 13, what is -537a + 3?
-5377
In base 14, what is -39 + b?
-2c
In base 6, what is -544 - -4?
-540
In base 7, what is 2 - 45?
-43
In base 9, what is 3 + -16?
-13
In base 11, what is -107 - -52?
-65
In base 8, what is -101 + -1?
-102
In base 16, what is 1b5 - 1?
1b4
In base 9, what is -5114 - -2?
-5112
In base 6, what is -2302 + -2?
-2304
In base 7, what is 14 - 35?
-21
In base 16, what is 5 + -263?
-25e
In base 10, what is 12 + 12?
24
In base 10, what is -9 + 149?
140
In base 3, what is 2 - -20100?
20102
In base 10, what is -2 - 250?
-252
In base 5, what is -3 + -31?
-34
In base 2, what is -1110100111010 - 1?
-1110100111011
In base 9, what is 30 - -5?
35
In base 8, what is 465 - 70?
375
In base 3, what is 2011 - 11102?
-2021
In base 8, what is 3 + -166?
-163
In base 12, what is 928 - 1?
927
In base 13, what is 4 - 31?
-2a
In base 13, what is -78 - -6?
-72
In base 15, what is -2 + d1?
ce
In base 13, what is 3 + 3b?
41
In base 11, what is 15 - -1?
16
In base 3, what is 1 + 1120?
1121
In base 5, what is 3401 + 20?
3421
In base 14, what is -b + -a?
-17
In base 4, what is -33300 - 1?
-33301
In base 5, what is 123 + -3?
120
In base 11, what is -5 - 204?
-209
In base 16, what is 8ad - -5?
8b2
In base 7, what is -5034 - 2?
-5036
In base 3, what is -222201 + 10?
-222121
In base 12, what is -12b0 - -5?
-12a7
In base 12, what is 2 + -30b3?
-30b1
In base 12, what is 34 - -a?
42
In base 11, what is -44 - -1?
-43
In base 6, what is 1 - -135?
140
In base 15, what is 47 - 7?
40
In base 7, what is -1 + 1051?
1050
In base 4, what is 23310300 - 3?
23310231
In base 3, what is 1 - 12121?
-12120
In base 16, what is 172 - 1?
171
In base 10, what is -16 + -104?
-120
In base 6, what is -20 - 1?
-21
In base 15, what is 10e - -1?
110
In base 2, what is -10000 - -111?
-1001
In base 9, what is 2 + -108?
-106
In base 9, what is -73 - 10?
-83
In base 6, what is -4 - -1214?
1210
In base 9, what is -777 + 5?
-772
In base 10, what is 5 + -42?
-37
In base 8, what is 173 + 1?
174
In base 13, what is b8 - -10?
c8
In base 16, what is -12 + 0?
-12
In base 14, what is 53 - 4?
4d
In base 9, what is 60 - -116?
176
In base 7, what is 4 + 1666?
2003
In base 9, what is -11 - 45?
-56
In base 13, what is -1 + 2a?
29
In base 15, what is 84 + -4?
80
In base 2, what is -10 + 1101101010?
1101101000
In base 13, what is 1 + 6b4?
6b5
In base 12, what is 0 - 812?
-812
In base 10, what is 5 - 87?
-82
In base 5, what is 0 + 111?
111
In base 12, what is 0 - 195b?
-195b
In base 8, what is 675 + -4?
671
In base 11, what is